{"id":1962,"date":"2022-10-24T13:47:29","date_gmt":"2022-10-24T13:47:29","guid":{"rendered":"https:\/\/theme.madsparrow.me\/most\/?page_id=1962"},"modified":"2025-10-06T12:07:41","modified_gmt":"2025-10-06T12:07:41","slug":"hakkimizda","status":"publish","type":"page","link":"https:\/\/www.bellaninayapi.com\/nobili\/hakkimizda\/","title":{"rendered":"Hakk\u0131m\u0131zda"},"content":{"rendered":"\t\t<div data-elementor-type=\"wp-page\" data-elementor-id=\"1962\" class=\"elementor elementor-1962\">\n\t\t\t\t\t\t<section class=\"elementor-section elementor-top-section elementor-element elementor-element-dc57ea0 elementor-hidden-mobile elementor-section-full_width elementor-section-height-default elementor-section-height-default\" data-id=\"dc57ea0\" data-element_type=\"section\">\n\t\t\t\t\t\t<div class=\"elementor-container elementor-column-gap-extended\">\n\t\t\t\t\t<div class=\"elementor-column elementor-col-100 elementor-top-column elementor-element elementor-element-cfda745\" data-id=\"cfda745\" data-element_type=\"column\">\n\t\t\t<div class=\"elementor-widget-wrap elementor-element-populated\">\n\t\t\t\t\t\t<div class=\"elementor-element elementor-element-295baf1 elementor-widget elementor-widget-image\" data-id=\"295baf1\" data-element_type=\"widget\" data-widget_type=\"image.default\">\n\t\t\t\t<div class=\"elementor-widget-container\">\n\t\t\t\t\t\t\t\t\t\t\t\t\t\t\t<img fetchpriority=\"high\" decoding=\"async\" width=\"2082\" height=\"951\" src=\"https:\/\/www.bellaninayapi.com\/nobili\/wp-content\/uploads\/2025\/10\/hakkimizda.png\" class=\"attachment-full size-full wp-image-3245\" alt=\"\" srcset=\"https:\/\/www.bellaninayapi.com\/nobili\/wp-content\/uploads\/2025\/10\/hakkimizda.png 2082w, https:\/\/www.bellaninayapi.com\/nobili\/wp-content\/uploads\/2025\/10\/hakkimizda-300x137.png 300w, https:\/\/www.bellaninayapi.com\/nobili\/wp-content\/uploads\/2025\/10\/hakkimizda-1024x468.png 1024w, https:\/\/www.bellaninayapi.com\/nobili\/wp-content\/uploads\/2025\/10\/hakkimizda-768x351.png 768w, https:\/\/www.bellaninayapi.com\/nobili\/wp-content\/uploads\/2025\/10\/hakkimizda-1536x702.png 1536w, https:\/\/www.bellaninayapi.com\/nobili\/wp-content\/uploads\/2025\/10\/hakkimizda-2048x935.png 2048w, https:\/\/www.bellaninayapi.com\/nobili\/wp-content\/uploads\/2025\/10\/hakkimizda-400x183.png 400w, https:\/\/www.bellaninayapi.com\/nobili\/wp-content\/uploads\/2025\/10\/hakkimizda-1120x512.png 1120w\" sizes=\"(max-width: 2082px) 100vw, 2082px\" \/>\t\t\t\t\t\t\t\t\t\t\t\t\t\t\t<\/div>\n\t\t\t\t<\/div>\n\t\t\t\t\t<\/div>\n\t\t<\/div>\n\t\t\t\t\t<\/div>\n\t\t<\/section>\n\t\t\t\t<section class=\"elementor-section elementor-top-section elementor-element elementor-element-1ad24ac elementor-section-boxed elementor-section-height-default elementor-section-height-default\" data-id=\"1ad24ac\" data-element_type=\"section\">\n\t\t\t\t\t\t<div class=\"elementor-container elementor-column-gap-extended\">\n\t\t\t\t\t<div class=\"elementor-column elementor-col-100 elementor-top-column elementor-element elementor-element-b75560f\" data-id=\"b75560f\" data-element_type=\"column\">\n\t\t\t<div class=\"elementor-widget-wrap elementor-element-populated\">\n\t\t\t\t\t\t<div class=\"elementor-element elementor-element-5090379 elementor-widget elementor-widget-text-editor\" data-id=\"5090379\" data-element_type=\"widget\" data-widget_type=\"text-editor.default\">\n\t\t\t\t<div class=\"elementor-widget-container\">\n\t\t\t\t\t\t\t\t\t<p data-start=\"501\" data-end=\"864\"><span style=\"color: #515151;\">23 y\u0131l\u0131 a\u015fk\u0131n s\u00fcredir tekstil sekt\u00f6r\u00fcnde faaliyet g\u00f6steren <strong data-start=\"560\" data-end=\"577\">\u00c7a\u011fr\u0131 Tekstil<\/strong>, \u00fcretim disiplinini, kalite anlay\u0131\u015f\u0131n\u0131 ve m\u00fc\u015fteri memnuniyetini merkezine alarak sekt\u00f6rde g\u00fcvenin simgesi haline gelmi\u015ftir. Bu g\u00fc\u00e7l\u00fc temellerden do\u011fan <strong data-start=\"729\" data-end=\"747\">Bellanina Yap\u0131<\/strong>, y\u0131llar boyunca kazan\u0131lan tecr\u00fcbe, bilgi birikimi ve istikrarla, yap\u0131 ve tasar\u0131m alan\u0131nda yeni bir sayfa a\u00e7m\u0131\u015ft\u0131r.<\/span><\/p><p data-start=\"866\" data-end=\"1195\"><span style=\"color: #515151;\">Bellanina Yap\u0131, 20 Nisan 2016\u2019da ba\u015flatt\u0131\u011f\u0131 titiz haz\u0131rl\u0131k s\u00fcrecinin ard\u0131ndan, 1 Eyl\u00fcl 2016 tarihinde Ege B\u00f6lgesi\u2019nin en kapsaml\u0131 yap\u0131 ma\u011fazalar\u0131ndan birini hizmete sunmu\u015ftur. Faaliyete ge\u00e7ti\u011fi ilk g\u00fcnden itibaren, estetik ile fonksiyonelli\u011fi bir araya getiren \u00fcr\u00fcn yelpazesiyle, b\u00f6lgesinde referans noktas\u0131 olmay\u0131 ba\u015farm\u0131\u015ft\u0131r.<\/span><\/p><p data-start=\"1197\" data-end=\"1472\"><span style=\"color: #515151;\">Bug\u00fcn Bellanina Yap\u0131; yaln\u0131zca yap\u0131 malzemeleri sunan bir marka de\u011fil, ayn\u0131 zamanda ya\u015fam alanlar\u0131n\u0131 g\u00fczelle\u015ftiren, konforu ve zarafeti mimariye d\u00f6n\u00fc\u015ft\u00fcren bir \u00e7\u00f6z\u00fcm orta\u011f\u0131d\u0131r. M\u00fc\u015fterilerine sundu\u011fu her \u00fcr\u00fcn ve hizmette, kaliteyi, g\u00fcveni ve uzun \u00f6m\u00fcrl\u00fc kullan\u0131m\u0131 esas al\u0131r.<\/span><\/p><p data-start=\"1474\" data-end=\"1823\"><span style=\"color: #515151;\">Denizli merkezli yap\u0131s\u0131yla b\u00f6lgesel bir g\u00fc\u00e7 olarak do\u011fan Bellanina Yap\u0131, bug\u00fcn T\u00fcrkiye genelinde geni\u015fleyen hizmet a\u011f\u0131yla, modern yap\u0131 anlay\u0131\u015f\u0131n\u0131 \u00fclkenin d\u00f6rt bir yan\u0131na ta\u015f\u0131maktad\u0131r. Her projede ayn\u0131 tutku, ayn\u0131 \u00f6zen ve ayn\u0131 vizyonla hareket eden Bellanina Yap\u0131; \u201ckaliteli ya\u015fam alanlar\u0131 in\u015fa etmek\u201d misyonuyla yoluna kararl\u0131l\u0131kla devam etmektedir.<\/span><\/p>\t\t\t\t\t\t\t\t<\/div>\n\t\t\t\t<\/div>\n\t\t<div class=\"elementor-element elementor-element-021780a e-flex e-con-boxed e-con e-parent\" data-id=\"021780a\" data-element_type=\"container\">\n\t\t\t\t\t<div class=\"e-con-inner\">\n\t\t\t\t<div class=\"elementor-element elementor-element-430f476 elementor-widget elementor-widget-text-editor\" data-id=\"430f476\" data-element_type=\"widget\" data-widget_type=\"text-editor.default\">\n\t\t\t\t<div class=\"elementor-widget-container\">\n\t\t\t\t\t\t\t\t\t<h2 style=\"text-align: center;\" data-start=\"1830\" data-end=\"1847\"><span style=\"color: #515151;\"><strong data-start=\"1833\" data-end=\"1847\">Misyonumuz<\/strong><\/span><\/h2><p style=\"text-align: center;\" data-start=\"1849\" data-end=\"2138\"><span style=\"color: #515151;\">Bellanina Yap\u0131 olarak amac\u0131m\u0131z, m\u00fc\u015fterilerimize sadece yap\u0131 \u00fcr\u00fcnleri de\u011fil, ayn\u0131 zamanda uzun y\u0131llar keyifle kullan\u0131lacak <strong data-start=\"1971\" data-end=\"1990\">ya\u015fam \u00e7\u00f6z\u00fcmleri<\/strong> sunmakt\u0131r. Her bir projede kalite, estetik ve i\u015flevselli\u011fi bir araya getirerek, alan\u0131nda fark yaratan mimari deneyimler olu\u015fturmay\u0131 hedefliyoruz.<\/span><\/p><p style=\"text-align: center;\" data-start=\"2140\" data-end=\"2375\"><span style=\"color: #515151;\">M\u00fc\u015fteri memnuniyetini daima \u00f6n planda tutarken, yenilik\u00e7i ve ara\u015ft\u0131rmac\u0131 yakla\u015f\u0131m\u0131m\u0131zla sekt\u00f6rde fark yarat\u0131yoruz. Bellanina Yap\u0131 olarak, s\u00fcrd\u00fcr\u00fclebilir tasar\u0131m ilkeleriyle, \u00e7evreye ve insana duyarl\u0131 bir hizmet anlay\u0131\u015f\u0131n\u0131 benimsiyoruz.<\/span><\/p><hr data-start=\"2377\" data-end=\"2380\" \/><h2 style=\"text-align: center;\" data-start=\"2382\" data-end=\"2399\"><span style=\"color: #515151;\"><strong data-start=\"2385\" data-end=\"2399\">Vizyonumuz<\/strong><\/span><\/h2><p style=\"text-align: center;\" data-start=\"2401\" data-end=\"2709\"><span style=\"color: #515151;\">Bellanina Yap\u0131\u2019n\u0131n vizyonu, sekt\u00f6rde etik ticaret anlay\u0131\u015f\u0131yla b\u00fcy\u00fcyen, g\u00fcvenilir i\u015f ili\u015fkileri kuran ve bulundu\u011fu her b\u00f6lgede \u00f6rnek g\u00f6sterilen bir marka olmakt\u0131r. Amac\u0131m\u0131z, olu\u015fturdu\u011fumuz her yeni projede fark edilen kalite alg\u0131s\u0131n\u0131 kal\u0131c\u0131 hale getirerek, yap\u0131 sekt\u00f6r\u00fcnde uzun vadeli bir de\u011fer yaratmakt\u0131r.<\/span><\/p><p style=\"text-align: center;\" data-start=\"2711\" data-end=\"3015\"><span style=\"color: #515151;\">G\u00fcnden g\u00fcne b\u00fcy\u00fcyen i\u015f hacmimizle istihdam sa\u011flamak, \u00fclke ekonomisine katk\u0131da bulunmak ve T\u00fcrkiye\u2019nin yap\u0131 sekt\u00f6r\u00fcndeki en g\u00fcvenilir markalar\u0131ndan biri olarak an\u0131lmak, Bellanina Yap\u0131\u2019n\u0131n temel hedefidir. Bizim i\u00e7in ba\u015far\u0131; yaln\u0131zca yap\u0131lar in\u015fa etmek de\u011fil, <strong data-start=\"2969\" data-end=\"3015\">ya\u015fam\u0131 g\u00fczelle\u015ftiren mekanlar yaratmakt\u0131r.<\/strong><\/span><\/p>\t\t\t\t\t\t\t\t<\/div>\n\t\t\t\t<\/div>\n\t\t\t\t\t<\/div>\n\t\t\t\t<\/div>\n\t\t\t\t\t<\/div>\n\t\t<\/div>\n\t\t\t\t\t<\/div>\n\t\t<\/section>\n\t\t\t\t<\/div>\n\t\t","protected":false},"excerpt":{"rendered":"<p>23 y\u0131l\u0131 a\u015fk\u0131n s\u00fcredir tekstil sekt\u00f6r\u00fcnde faaliyet g\u00f6steren \u00c7a\u011fr\u0131 Tekstil, \u00fcretim disiplinini, kalite anlay\u0131\u015f\u0131n\u0131 ve m\u00fc\u015fteri memnuniyetini merkezine alarak sekt\u00f6rde g\u00fcvenin simgesi haline gelmi\u015ftir. [&hellip;]<\/p>\n","protected":false},"author":1,"featured_media":0,"parent":0,"menu_order":0,"comment_status":"closed","ping_status":"closed","template":"page-custom.php","meta":{"_acf_changed":false,"footnotes":""},"class_list":["post-1962","page","type-page","status-publish","hentry"],"acf":{"full_width":false,"header_transparent":false,"header_white":false},"_links":{"self":[{"href":"https:\/\/www.bellaninayapi.com\/nobili\/wp-json\/wp\/v2\/pages\/1962","targetHints":{"allow":["GET"]}}],"collection":[{"href":"https:\/\/www.bellaninayapi.com\/nobili\/wp-json\/wp\/v2\/pages"}],"about":[{"href":"https:\/\/www.bellaninayapi.com\/nobili\/wp-json\/wp\/v2\/types\/page"}],"author":[{"embeddable":true,"href":"https:\/\/www.bellaninayapi.com\/nobili\/wp-json\/wp\/v2\/users\/1"}],"replies":[{"embeddable":true,"href":"https:\/\/www.bellaninayapi.com\/nobili\/wp-json\/wp\/v2\/comments?post=1962"}],"version-history":[{"count":5,"href":"https:\/\/www.bellaninayapi.com\/nobili\/wp-json\/wp\/v2\/pages\/1962\/revisions"}],"predecessor-version":[{"id":3253,"href":"https:\/\/www.bellaninayapi.com\/nobili\/wp-json\/wp\/v2\/pages\/1962\/revisions\/3253"}],"wp:attachment":[{"href":"https:\/\/www.bellaninayapi.com\/nobili\/wp-json\/wp\/v2\/media?parent=1962"}],"curies":[{"name":"wp","href":"https:\/\/api.w.org\/{rel}","templated":true}]}}